4*n, 2*n + 10 = -2*z. Suppose 8*h + 11 = 211. Let k be 995/h + (-1)/z. Calculate the greatest common factor of 10 and k.
10
Let r(n) = -356*n - 404. Let w be r(-2). Calculate the greatest common factor of 66 and w.
22
Suppose -2*i = v - 224, -2*v + 560 = 4*i + i. Let y be 57 + 7*328/(-56). Calculate the greatest common divisor of y and i.
16
Let g = -37 - -41. Let s be -2 - -2 - g*(96 + 2). Let y be ((-2)/4)/(2/s). What is the greatest common divisor of 14 and y?
14
Suppose -3*s = -4*a - 35212 + 135879, -4*a = -s - 100681. What is the highest common factor of 232 and a?
116
Let s(x) be the second derivative of -x**3/2 + 32*x**2 - 8*x. Let g be s(0). What is the highest common divisor of 8 and g?
8
Let s = -317 + 386. Let g = s + 165. What is the greatest common divisor of g and 18?
18
Suppose 0 = 12*h + 8*h - 60. Suppose -o + h*n = 5*n - 111, -2*o = -n - 242. Calculate the greatest common divisor of o and 34.
17
Suppose 2*z - 2*g = 22, z + g + 2*g - 3 = 0. Suppose -z*l + 791 = 35. Calculate the highest common factor of l and 189.
21
Suppose 0 = -y - 44 + 38, -5*y + 386 = 2*d. Calculate the highest common divisor of 52 and d.
52
Let w = -3751 - -3901. What is the highest common divisor of 40 and w?
10
Suppose 12*w = -1901 + 5201. Let y = 390 - w. What is the highest common factor of y and 15?
5
Let m(p) = -12*p**2 + 614*p - 96. Let i be m(48). Calculate the highest common factor of 81 and i.
27
Suppose -12 = -4*p + 4*v + 48, -4*p - 5*v = -15. Suppose -7*t + 222 = -821. Suppose 128*j = t*j - 2310. What is the greatest common divisor of p and j?
10
Let o(n) = -15*n - 105. Suppose 0 = -t - 4, -2*t + 2 = -2*d - 8. Let c be o(d). Let y = 34 - 22. What is the highest common factor of y and c?
6
Let f(w) = 2*w**2 - 24*w - 12. Let b be f(13). Let c(p) = 4*p + 10. Let s be c(b). What is the greatest common factor of s and 264?
66
Let w = -18734 - -30164. Calculate the highest common factor of 270 and w.
90
Let h(x) = x**3 + 6*x**2 - 3*x - 7. Let q be h(-6). Let k be 11/4 + -3 + 11/((-308)/(-2471)). Calculate the highest common factor of q and k.
11
Suppose -5*b = -8*b - 102. Let j be (21/(-28))/(9/8) - 1056/(-18). Let f = b + j. Calculate the greatest common divisor of f and 36.
12
Suppose 0 = -279*w + 208*w + 5467. Calculate the greatest common factor of 1421 and w.
7
Let j = -1 + 16. Let l = -383 - -316. Let f = 38 - l. Calculate the greatest common divisor of j and f.
15
Let t = -355 - -358. Suppose -4*q = -2*u + 17 + 37, -t*q - 23 = -u. Calculate the highest common divisor of u and 35.
35
Let k be 16330/4*(4692/230)/51. Calculate the greatest common factor of k and 781.
71
Let s(u) = -2*u**3 - 53*u**2 + 27*u + 60. Let d be s(-27). Calculate the highest common divisor of d and 3585.
15
Let k be (-4 + 10)/(-2) + -1 + 7 + 72. Let a = 94 - -31. Calculate the greatest common factor of a and k.
25
Suppose 0 = 3*l - u - 19151, -5*u + 37 = 2. What is the greatest common factor of l and 62?
62
Let v(d) = -39*d - 15. Let n be v(-15). Suppose -19*p + 950 + n = 0. Calculate the greatest common divisor of 100 and p.
20
Suppose -86 = 5*o - 3*z - 316, 0 = -2*o + 2*z + 88. What is the highest common factor of o and 48167?
49
Let j = 11794 + -10166. Calculate the highest common divisor of 748 and j.
44
Let m(g) = 5*g**2 + g + 0*g + 2*g + g**3. Let o be m(-3). Let n = -880057 - -880228. What is the highest common factor of n and o?
9
Let u be (-1055)/(-2) + (-1015)/(-406). Suppose -3*i + i + 20 = 0. What is the greatest common factor of i and u?
10
Suppose -4*m = 5*j - 1101, -184 - 700 = -4*j - 4*m. Let p = -196 + j. What is the greatest common factor of p and 14?
7
Let z(i) = 3*i - 12. Let u be z(6). Let k be 70/u + 20/60. Let h be (-10)/(-4)*(k + 6). Calculate the highest common divisor of 9 and h.
9
Suppose 13*h = 573 - 66. Let k be (-130)/h*264/(-10). What is the greatest common factor of k and 8?
8
Let h = -1882 - -1912. What is the greatest common divisor of h and 1965?
15
Let f(p) = -p**2 + 12*p + 3. Let x be f(12). Suppose -x*s - s = -152. Let r be 11253/297 - 2/(-18). What is the greatest common divisor of s and r?
38
Suppose 41367 = 141*p + 3297. What is the highest common divisor of 3618 and p?
54
Let n be 2/27 - (-3864)/324 - -8. What is the highest common divisor of 40 and n?
20
Let a be (-130)/(-5) + (4 - 3)*-8 + 2. Let h be (3/2)/((-2)/(-20)). Calculate the greatest common divisor of a and h.
5
Let x(s) = -s**3 + 4*s**2 + 10. Let y be x(5). Let j be 222/y - 5/25. Let d be (-173)/(-3) + 10/j. What is the greatest common divisor of d and 19?
19
Suppose 288*o - 34 = -3*g + 290*o, 3*g - 20 = -5*o. Let c = 28 - -2. Calculate the highest common divisor of g and c.
10
Let w(o) be the first derivative of -o**3/3 - 11*o**2 + 55*o + 29. Let v be w(-26). Let p = v - -73. What is the highest common factor of p and 6?
6
Let r = -13168 - -18526. Calculate the highest common factor of r and 470.
94
Suppose -153 = -31*t + 2. Suppose t*w - 1043 = 3*s - 6*s, -5*w = -2*s + 712. What is the highest common factor of s and 135?
27
Let k = -1957 + 2049. What is the greatest common divisor of 2714 and k?
46
Let r(d) = 14*d**3 + 3*d**2 - d - 1. Let w be r(1). Let v be 4/(-20) + (-3297)/w. Let m = v - -517. What is the greatest common divisor of m and 33?
33
Suppose 107*t - 1 = 1283. What is the highest common divisor of t and 4?
4
Let z(v) = v**2 - 29*v + 84. Let f be z(29). Suppose 4*u = 5*b - 160, 2*u + 134 = b + 3*b. What is the greatest common factor of f and b?
12
Let h = -11463 - -11643. What is the greatest common factor of h and 1404?
36
Let u(j) = -30*j - 1481. Let k be u(-51). Let m be 2 - -1*1*-1. Let c = k - m. What is the highest common factor of c and 32?
16
Let l(n) = -n**3 + 32 + 2*n**3 + 5*n**2 - 4*n**2. Let o be l(0). Let q = 471 + -423. What is the highest common factor of o and q?
16
Let q = 15198 - 14282. Calculate the greatest common divisor of 48 and q.
4
Let n be 6 + ((-44)/77 - 8492/(-14)). Let g(w) = w + 56. Let j be g(12). What is the highest common factor of j and n?
68
Suppose 2*k - 10 = -h, -5*k - 6*h + 25 = -h. Suppose -21 = -k*s - 11. Suppose 3*x - 15 = -s*x. Calculate the highest common factor of x and 24.
3
Suppose 263 = -i - 15*i + 2279. What is the greatest common divisor of 98 and i?
14
Suppose -5*a + 137 = 2*f, 0*a - 3*f + 57 = 2*a. Suppose 37*t = 36*t + a. Suppose -s - 2*s + t = 0. What is the highest common factor of 99 and s?
9
Suppose 4*k - 192 = d, 282 = 5*k + 82*d - 78*d. Calculate the highest common factor of k and 630.
10
Let x = 67 + -55. Suppose x = -q + 45. Let p = q + -11. What is the highest common factor of 11 and p?
11
Suppose -2*c + 0*c = -146. Let q = c - 42. Let d(w) = -32*w - 929. Let z be d(-30). Calculate the greatest common factor of q and z.
31
Suppose -10*i = -8*i - 60. Suppose 5*j = -5*d + 475, -5*j = -3*d - 2*j + 315. Calculate the highest common factor of d and i.
10
Suppose -5*o - 5*k + 22 = -383, 3*k = o - 69. Suppose 3*d - 5*a - 53 = 298, -2*a - 351 = -3*d. What is the highest common factor of d and o?
39
Let r be -4 + (0 - -4) - -25. Let c be r + -4 - (-9)/3. Let f be ((-12)/(-5))/((-8)/(-40)). Calculate the greatest common factor of f and c.
12
Suppose 0 = -4*k - 6 + 10. Let l be (-2696)/(-12) + k/3. Calculate the highest common divisor of l and 30.
15
Let q = -907 + 1019. Let m(g) = -33*g**3 - g**2 + 3*g - 2. Let d be m(-2). Calculate the highest common divisor of d and q.
28
Suppose 0 = 2*b - 25 + 5. Suppose 27622*n = 27652*n - 420. Calculate the greatest common divisor of n and b.
2
Suppose 913 - 25246 = -54*f + 63795. What is the highest common divisor of f and 64?
32
Suppose 15 = -v - 2*k + 21, 11 = 2*v + 3*k. Let m = 732 + -416. Suppose 0 = -v*w - l - 3*l + m, 5*l + 85 = w. What is the greatest common factor of 16 and w?
16
Suppose -59*d = 30*d - 117747. What is the greatest common divisor of d and 14?
7
Suppose -s + 2*j - 4*j + 904 = 0, s + 3*j - 906 = 0. What is the highest common divisor of s and 40?
20
Let i be (6 + -7)/((-75)/(-50)*2/(-8763)). What is the greatest common divisor of 92 and i?
23
Let y(p) = p**3 + 32*p**2 + 211*p - 6. Let l be y(-10). What is the highest common divisor of l and 1308?
12
Let g be 1212728/880 - (-4)/(-40). Calculate the greatest common divisor of 65 and g.
13
Let